= 0 + m - d + 3. Suppose y - 2*p = -4*p - 3, p + 15 = 4*y. What is k(y)?
2
Let d be (3 - 7) + 9 + -4. Let b(f) = -9*f + 1. Determine b(d).
-8
Suppose -u + 10 = 4*u. Let b(r) = r - 5*r**2 + r**3 - 3 - 2*r + u. Let o(y) = 3*y - 1. Let k be o(2). Calculate b(k).
-6
Let k(z) be the first derivative of -z**4/2 - z**3/3 + z**2/2 - 2*z - 1. Let j(w) = 6*w - 24. Let q be j(5). Suppose -3*u + q*u = -6. Give k(u).
8
Let i(k) = k + 8. Let o = 42 + -64. Let r be (-16)/(-48) - o/(-3). Calculate i(r).
1
Let x(r) = r + 1. Let a(s) = s + 5. Suppose 2*g - 14 + 2 = 0. Let h(y) = g*x(y) - a(y). Determine h(-2).
-9
Let s(u) be the third derivative of -u**5/60 + u**4/24 - u**3/2 - 44*u**2 - 5*u. Give s(5).
-23
Let b(x) = -x**3 - 9*x**2 - 27*x - 5. Let y(t) = 2*t**3 + 17*t**2 + 55*t + 10. Let r(d) = 5*b(d) + 2*y(d). Give r(-8).
3
Suppose -2*u = -4*p - 24, -5*u - 4*p + 54 = -48. Suppose 4*j - 5*a - 33 = -2*a, -2*a = 4*j - u. Let c(s) = s**2 - 6*s - 4. What is c(j)?
-4
Let v(y) = -y**2 - 8*y. Let p be 8/(-3)*90/40 - 0. Give v(p).
12
Let n = 345 - 340. Let i(a) = a**2 - a - 6. Give i(n).
14
Let v be 8*(3 - 175/60). Let z(l) be the second derivative of -7/2*l**2 + 0 - 2*l - v*l**3. What is z(-5)?
13
Let j = -35 - -41. Suppose 0*r + 5*r = 10. Let z = j - r. Let y(u) = u**2 - 2*u - 2. Calculate y(z).
6
Let y(o) = -o**2 + 7. Let a(l) = -5*l**3 + 13 - 15 - 3*l**2 - 3*l + 3*l**3 + l**3. Let d(t) = -t**2 - 4*t + 3. Let x be d(-5). Let z be a(x). Give y(z).
7
Let w(s) = -20*s + 14. Let v(f) = 7*f - 5. Let n(a) = 17*v(a) + 6*w(a). What is n(-3)?
2
Let d(o) = 3*o - 2. Let m(h) = 14*h - 6. Let r(n) = 4*d(n) - m(n). Calculate r(7).
-16
Let c(o) = -o**2 + 3*o - 51. Let r be c(0). Let m = r + 55. Let v(q) = q + 2. Calculate v(m).
6
Suppose m + d + 9 = -d, -25 = 5*m + 5*d. Let t(v) = 11*v**3 - 4*v**2 - 5*v - 10. Let j(w) = 23*w**3 - 7*w**2 - 9*w - 17. Let f(c) = 3*j(c) - 5*t(c). Give f(m).
-14
Let s(m) be the second derivative of -m**3/6 - 4*m**2 + 819*m. Let h(w) = w**2 - 8*w. Let d be h(7). Determine s(d).
-1
Let c(w) be the first derivative of -w**3/3 - 6*w**2 - 15*w + 56. Give c(-6).
21
Suppose 8*c - 25 = 3*c, 3*c - 13 = 2*p. Suppose 6*j = 2*j + 12. Let d be 6 + -5 - (p - j). Let n(m) = m**3 - 4*m**2 + 3*m - 1. Determine n(d).
-1
Let l(c) be the first derivative of 2 - c**2 + 0*c**3 - 5*c + 1/12*c**4. Let g(i) be the first derivative of l(i). Give g(2).
2
Let i(q) be the first derivative of q**6/180 + q**5/60 - q**4/8 - 2*q**3/3 - 9. Let n(f) be the third derivative of i(f). Determine n(2).
9
Let k(y) = -4*y + 1. Let f(c) = -c. Let l(s) = 3*f(s) + k(s). Let n(b) = 125*b + 1629. Let x be n(-13). Calculate l(x).
-27
Suppose -2*p + 10 = 0, -3*p = -3*x - 24 - 0. Let h(m) = 3*m + 2. Give h(x).
-7
Let z(i) = -i**2 - 5*i + 5. Let f(g) = -g**3 - g - 5. Let y be (24/(-42))/((-4)/14). Let s be y/(-4) - 1/(-2). Let a be f(s). Give z(a).
5
Let c(s) = s**3 + 4*s**2 + 4*s - 3. Suppose -5*d + 5 = 4*l, -49*d + 52*d + 24 = 3*l. What is c(d)?
-6
Let u(a) = a**3 + 4*a**2 + 3*a. Suppose 10*i - 46 + 76 = 0. Calculate u(i).
0
Let f be ((-3)/2)/((-6)/4). Let p(z) = 2*z + 3*z**2 - f - 319*z**3 - z + 320*z**3. Give p(-3).
-4
Let y(d) = 2*d + 4. Suppose -4*o = 3*m + 15, 0*m + 3*o = 3*m + 15. Let v(s) = s + 2. Let a(g) = m*v(g) + 3*y(g). What is a(-5)?
-3
Let y(f) = -f - 9. Suppose r + 3 = 0, 11 - 17 = -u + 3*r. Calculate y(u).
-6
Let q(w) be the second derivative of -w**5/20 + w**4/2 + 3*w**2 - 108*w. Suppose -v + 14 = -2*z, 3*v - v - z - 16 = 0. Calculate q(v).
6
Suppose -2*l + 10 = 3*l. Suppose 0 - 5 = -3*d - 2*o, 2*d + 4*o + l = 0. Suppose 5*u - d*q + 5 = -q, -q + 2 = -2*u. Let s(p) = -3*p**2 - p. Determine s(u).
-2
Suppose 0 = -5*p + 15 - 0. Let q(u) = u + u**p - 2 - 3*u**2 - 2*u - 4*u + 0*u. Give q(4).
-6
Let i(p) = 7*p - 3 - 8*p + 7 + 12. Suppose -3*n = -n. Give i(n).
16
Let r(j) be the second derivative of 0 + 1/6*j**3 - 8*j + 7/2*j**2. Let h be (-2)/2*(-2 + 2). Determine r(h).
7
Let l(v) = v + 27. Let o be l(0). Let q(i) = i**2 - 10*i + 12. Let x be q(9). Let p(a) = 27 + x*a - o. What is p(-2)?
-6
Let y(n) = -n**3 - 3*n**2 + 5*n + 4. Let b be 0/(2/((-6)/3)). Suppose -j + 13 = -o, 3*j + b*o = -o + 23. Suppose j - 25 = 4*f. Give y(f).
0
Let o(m) = m**3 + 5*m**2 + 3*m + 2. Let z(b) = b**3 - 4*b**2 - 5*b - 4. Suppose 4*j - 15 = -r, 0*r = -3*r - 3*j. Let t = 10 + r. Let x be z(t). Determine o(x).
6
Let j(o) be the third derivative of o**7/2520 + o**6/720 - o**5/24 + 13*o**4/24 - 5*o**2. Let d(b) be the second derivative of j(b). Give d(-5).
15
Let w(z) = -28*z**3 + 2*z - 7. Let r(t) = -15*t**3 + t - 4. Let a(y) = -7*r(y) + 4*w(y). Calculate a(1).
-6
Let f(r) = -1 + 6*r + 4*r**2 - 3*r - 7*r + r**3 + r. Give f(-4).
11
Let w be (8 - 7)/(6/(-12)). Let u(k) be the second derivative of k**3/3 - k**2/2 - 2*k. Give u(w).
-5
Let s(u) be the first derivative of -u**4/4 - 7*u**3/3 - 5*u**2 - 7*u + 54. Calculate s(-6).
17
Let r(g) = g**3 - 11*g**2 - 6. Suppose 19*d = 26*d - 77. Determine r(d).
-6
Let l(o) be the first derivative of o**4/4 - o**2/2 + 26*o - 61. Calculate l(0).
26
Let z(j) = 5*j**3 + j**2 + 1. Let g(x) = -x**3 + x**2 - x + 1. Let r(t) = 4*g(t) + z(t). Let y be (12 - 15) + -3 + 0. Determine r(y).
-7
Let t(w) be the third derivative of w**6/120 + w**5/60 - w**4/24 + w**3/3 + 91*w**2. What is t(0)?
2
Let m(h) = -h + 44181*h**2 - 19*h**3 - 44181*h**2. Determine m(-1).
20
Suppose 0 = -4*r - 3*h + 6*h + 174, -4 = 2*h. Let b be (-7)/(r/12)*(-10)/4. Let m(k) = k**2 - 3 + 0*k + 0*k - 4*k. Calculate m(b).
2
Let r(f) = -13*f + 14. Let n(g) = 5*g - 4. Let j(w) = 8*n(w) + 3*r(w). What is j(-13)?
-3
Suppose 6*f = 2*f + 44. Suppose 0 = -7*x + f*x - 8. Let m(a) = 3*a + 5. Let o(h) = 2*h + 3. Let d(l) = 3*m(l) - 5*o(l). Give d(x).
-2
Suppose -2*s = b, -s = -6 + 9. Let m(g) = g**2 - 3*g - 1. Calculate m(b).
17
Let w be (2/(-4))/((-7)/(-168)*3). Suppose p = -4*p - 30. Let v(r) = 10*r + 2. Let s(x) = 21*x + 4. Let c(o) = p*s(o) + 13*v(o). Give c(w).
-14
Let y(q) be the first derivative of q**3/3 + 6*q**2 + 13*q - 361. What is y(-10)?
-7
Let l(o) = o - 1. Let i be l(2). Let u be 4 + (-3 - -4 - i). Let b(r) = -r**3 + 4*r**2 - 4. Give b(u).
-4
Let a(s) be the third derivative of -s**5/60 - s**4/24 + s**3/2 + s**2. Suppose 5*d - 578*q - 14 = -577*q, -5*d - 5*q = -20. Calculate a(d).
-9
Let m(t) = 20 - 6 - t**2 + 0*t**2 - 17*t + 16*t. What is m(0)?
14
Let c(v) = 5*v**2 + v + 1. Suppose -2*s = s. Let d be 0 - -3*(1 + s). Suppose -9 = -3*f + 4*x, 3*f + 10 = 2*f - d*x. Calculate c(f).
5
Suppose -135 = 11*w - 25. Let a(z) = 2*z**2 + 14*z - 2. What is a(w)?
58
Suppose 17 = -y - 4*r, 3*y + 4*r + 45 = 2. Let c be (-2)/(-8) + 74/(-8). Let m = y - c. Let o(d) = -d**2 - 6*d - 5. Determine o(m).
3
Suppose -63 = -5*s - 3*x, 16 = -0*s + s + 4*x. Let g(j) = s*j**2 - 27*j**2 + 7*j**2 + 1 - j. Determine g(1).
-8
Let n(c) be the third derivative of c**5/60 - 5*c**4/12 - c**3 + 370*c**2. Let t = -21 - -31. Determine n(t).
-6
Suppose -773*v = -767*v - 12. Let z(n) be the second derivative of 1/6*n**3 - 5*n**v - 10*n + 0. Give z(0).
-10
Let u(z) = -z**2 - 730*z**3 - 5*z + 731*z**3 + z. Let s(c) = c**2. Let l(q) = 2*s(q) + u(q). Determine l(-3).
-6
Let w(t) = 13*t - 10. Let j(k) = -7*k + 5. Let g(x) = -5*j(x) - 3*w(x). Let m(h) = -h - 1. Let l be 1/(-4) - 6/8. Let v(n) = l*g(n) - 2*m(n). Determine v(2).
9
Let y(w) = -w**3 - 9*w**2 + w + 4. Let n be (-3)/12*1 + (-33)/(-4). Let u(m) = -4*m + 23. Let x be u(n). Calculate y(x).
-5
Let y(o) = -10 + 7*o + 6*o**2 - 27*o**3 + 47*o**3 - 21*o**3. Suppose -17*h + 14*h = -21. Calculate y(h).
-10
Let l(z) = 5*z - 25. Let t(y) = y - 5. Let f(c) = l(c) - 6*t(c). Give f(0).
5
Let d(t) = t - 17. Suppose 4*r - 2*k - 35 = -k, 0 = -r + 2*k + 14. Calculate d(r).
-9
Let c(y) = 3*y**3 - 3*y**2 + 5*y + 2. Let x(i) be the first derivative of i**4/4 + i**2/2 + 13. Let f(u) = c(u) - 5*x(u). Give f(-2).
6
Let z = 207 - 163. Suppose 0 = 46*c - z*c - 4. Let h(o) = -4*o**2 - 2*o + 3. Give h(c).
-17
Let h(c) = 3*c - 6 - 7*c - 1. Let s(b) be the third derivative of b**4/8 + 4*b**3/3 + b**2 + 2*b. Let i(p) = 2*h(p) + 3*s(p). Determine i(-5).
5
Let z(g) be the first derivative of g**4/4 - 10*g**3/3 + 9*g**2/2 - 3*g - 120. Give z(9).
-3
Let m = 2 + 1. Let w(i) be the third derivative of i**4/8 - 2*i**3/3 - i**2 + 149. What 